vative of f**4/6 + f**3/2 + 2*f**2 - 7*f. Let l(r) = -r**2 + 3*r + 204. Let q be l(-13). What is m(q)?
24
Suppose 26*g = 64*g - 798. Let f(h) = -h + 34. Calculate f(g).
13
Let d(w) = -w - 3. Let m(b) = -b**2 + 5*b. Suppose 6*s - 60 = 4*s. Let u = -25 + s. Let k be m(u). Determine d(k).
-3
Let m(v) be the second derivative of -v**5/20 - 3*v**4/4 - v**3 + 17*v**2/2 + 1257*v. Give m(-8).
1
Let o = 2 + 1. Let b(p) = -4*p**3 + 2*p**2 + p + 2. What is b(o)?
-85
Let y(z) = 2*z - 14. Let t(o) = 1. Let i(a) = -10*t(a) - y(a). Let g(v) = 10*v - 276. Let k be g(28). What is i(k)?
-4
Let x(a) = -a**2 + 3*a + 1. Let b = -1 - -25. Suppose 2*y - 26 = -b. Let m be -4 - (y + 1 + -10). Determine x(m).
-3
Let f(n) = n + 175. Let y be f(24). Let m = -199 + y. Let t(v) = v**2 - 2*v + 3. Determine t(m).
3
Suppose 0 = 3*p + 2*p + 4*r + 1, 5*p - 2*r = -7. Let o be 224/(-48)*(p + (-1)/2). Let t(l) be the third derivative of l**4/24 + 5*l**3/3 - 7*l**2. Give t(o).
17
Let x(a) = a**3 - 27*a**2 + a - 1. Let m(c) = 3*c**3 - 64*c**2 + 13*c - 5. Let i(n) = -m(n) + 2*x(n). Give i(9).
-15
Let n = 86 + -66. Suppose 0 = 8*s + 68 - n. Let k(q) = -q**3 - 6*q**2 - q + 3. Determine k(s).
9
Let i(o) be the third derivative of o**4/6 + 17*o**3/6 + 18*o**2. Determine i(-8).
-15
Let o(r) = 47*r + 10*r - 7 - 3 - 60*r. Give o(-3).
-1
Let v(t) = -t**2 + t + 3. Suppose -w = -0*h + 4*h + 33, h - 5*w - 18 = 0. Let q be (13 - 1)*h/21. Calculate v(q).
-17
Let h = 126 - 111. Let c be h/12 - 225/36. Let n(f) = -f**3 - 5*f**2 - 4*f + 4. Give n(c).
24
Let s(q) be the second derivative of 0 - 175*q + 0*q**2 - 2/3*q**3. Give s(7).
-28
Let n(r) be the first derivative of -r**3/3 - 15*r**2/2 + 13*r - 963. Give n(-12).
49
Let u(f) = 38*f - 53. Let w(s) = 9*s - 12. Let a(v) = -2*u(v) + 9*w(v). Calculate a(8).
38
Suppose 0 = -v + 5*u - 9 - 2, 53 = -3*v + 5*u. Let i be 6/v - -3*6/63. Let c be 2/(-4)*(i - 0) - 6. Let j(o) = o + 2. Determine j(c).
-4
Let k = -3 + 5. Let x(w) = 0*w + 6*w**2 - 3*w**k + 4*w. Let s be (-80)/48 - 28/21. What is x(s)?
15
Let f(x) = -5*x + 128. Let v be 25 - 0 - (-958)/479. Give f(v).
-7
Let i = 28 - 25. Suppose p - 5*x + 11 = -x, 3*p = i*x - 15. Let n(c) be the second derivative of -c**5/20 - c**4/3 - c**3/2 + 27*c. Give n(p).
0
Let u = 248 - 246. Let v(z) = -z**u - 5 + 3*z + 2 + z + 0. Calculate v(5).
-8
Let u(i) be the second derivative of -i**5/20 + 2*i**4/3 - 7*i**3/3 + 9*i**2/2 - 1245*i. Determine u(6).
-3
Let p(c) = -8*c + 18. Suppose 0 = 5*i - 2*b - 17, 104*b = i + 99*b - 8. What is p(i)?
-6
Suppose 623 = -12*n - 37. Let k = n - -57. Suppose 8*f + 60 = -k*f. Let w(q) = -q**2 - 4*q + 8. Calculate w(f).
-4
Let c(s) = s**2 + 8*s + 1. Suppose -10*k + 127 + 3 = 0. Suppose f = -10 + k. Suppose 3*u - 14 = f*b - 5, -8 = 4*u. Determine c(b).
-14
Let g(o) = -o**3 + 20*o**2 + 18*o + 53. Let h(a) = -2*a**3 - 113*a**2 - 52*a + 245. Let i be h(-56). Give g(i).
-10
Let t(b) be the first derivative of -b**5/120 - 3*b**4/8 - 103*b**3/3 + 76. Let x(r) be the third derivative of t(r). Determine x(-7).
-2
Let x(u) = -u - 6. Let g be -1 + (22/4)/((-2)/(-44)). Suppose -g = -j - 5*j. Suppose i - j = -3*z, 5*i = 3*z - 2*z + 20. Give x(i).
-11
Let g(d) = 9*d + 1. Let b(w) = 40*w + 3. Let h(n) = -2*b(n) + 9*g(n). Calculate h(-2).
1
Let j(y) be the first derivative of -15*y**2/2 + 25*y + 7979. What is j(6)?
-65
Suppose -9*y = -80 - 1. Let g(q) = 4*q - y + 2*q**2 + 8 - q**3 - 3*q - 3*q. Give g(3).
-16
Let b = -39 + 1158. Let v = b - 1118. Let z(m) = 11*m. Let a(j) = -5*j. Let w(r) = -11*a(r) - 6*z(r). Determine w(v).
-11
Let c(h) = -32*h**2 - 27 + 45 + 21*h**2 + 6*h**3 - 5*h**3 - 16*h. Calculate c(12).
-30
Let v(d) = 1 + d**2 - 8*d - 11*d - 14*d + 39*d. Let p(n) = 21*n**2 + 3*n + 2. Let y be p(-1). Suppose -8 = -2*f, 2*a - 12*f + y = -10*f. What is v(a)?
1
Suppose 0 = 55*l - 60*l - 210. Let s be l/(-7)*(-1)/(-3). Let f(x) = 2*x**3 + 4*x - 3*x**3 + x - 119*x**2 - s + 115*x**2. Determine f(-5).
-2
Let p(l) be the first derivative of 41*l - 87*l - 13*l**2 - 87 + 45*l. Determine p(-1).
25
Let t(p) = -p**2 + 6*p + 91. Let d be t(-7). Let w(n) be the third derivative of -40*n**2 + 1/6*n**3 + 0 + 1/24*n**6 + 1/24*n**4 + 0*n**5 + d*n. Give w(-1).
-5
Let f(p) = -6*p**2 + p. Let n be (-2 - 3) + 10 + -5. Suppose 0 = 7*d - n*d. Suppose 10 = -2*c - 3*c - b, d = 5*c - 2*b - 5. What is f(c)?
-7
Let f(v) be the second derivative of 1/12*v**4 - 123*v - 5/2*v**2 + 2/3*v**3 + 0. Determine f(-4).
-5
Let k(l) = -l**2 - 5*l + 7. Let i = 42 - -3. Suppose 48*n - 42 = i*n. Let b be (-3)/(n/4 + -3). Determine k(b).
1
Let l(t) = -3*t**2 - 23*t + 12. Let p(s) = s**2 + 24*s - 5. Let j(h) = 2*l(h) + 3*p(h). Give j(9).
0
Let u(d) be the first derivative of -2*d - 1 + 1/3*d**3 - 1/2*d**2. Suppose 0 = j + 6*w + 75, -63*w + 61*w - 20 = 2*j. Give u(j).
4
Suppose -5*c = 14 + 1. Let f(x) be the third derivative of -1/12*x**4 + 2*x**2 + 0 - 1/15*x**5 + 0*x**3 - 166*x - 1/120*x**6. Give f(c).
-3
Suppose 723*o - 6 = 729*o. Let r(c) = c**3 + c. Let l(z) = -2*z**3 - 7*z. Let m(x) = -l(x) - 6*r(x). Give m(o).
3
Let d(v) = 26*v**2 + 13*v**2 - 8*v + 13*v**2 + 1 - 53*v**2. Suppose -2*h + 5*g + 4 = -4*h, 3*h + 6 = -4*g. Let u(c) = -c**2 - 2. Let k be u(h). Determine d(k).
13
Let g(j) be the first derivative of -j**2 + 17*j + 13*j - 21*j + 13. Let k(m) = 5*m**3 + 2*m - 1. Let z be k(1). Determine g(z).
-3
Let h = -6372 + 6377. Let t(a) = a**3 - 4*a**2 - 6*a - 4. Give t(h).
-9
Let x(v) = 6*v - 29. Let l(n) be the third derivative of -n**4/8 + 7*n**3/3 + n**2 - 8*n. Let g(r) = 9*l(r) + 4*x(r). Give g(4).
-2
Let l(n) = 51*n**2 + 4*n - 5 + 43*n**2 - 153*n**2 + 50*n**2 - 5*n + n**3. Determine l(10).
85
Suppose -1154 = 14*d - 1224. Let t(p) be the first derivative of 1 + 1/2*p**2 + 2*p. Determine t(d).
7
Suppose k + p - 16 = 0, -30 = -3*k + 2*p + 3. Let i(a) = a - 9 - 7 + k - 1. What is i(8)?
4
Suppose 3*p - p = 3*p. Let c(h) = -4*h + p + 4 - 2. Calculate c(3).
-10
Let d(q) be the second derivative of -q**3/6 - 4*q**2 - 2*q. Let a be d(-7). Let y(m) = 1 + 32*m**2 + 5*m**3 - 14*m**2 - 18*m**2. What is y(a)?
-4
Let q(g) = -41*g - 164. Let w(a) = 791*a - 5541. Let i be w(7). What is q(i)?
0
Let o(b) be the second derivative of 1/20*b**5 - 1 + 5/3*b**3 - 3/4*b**4 - 3*b**2 - 49*b. Calculate o(7).
-34
Let l(z) = 2*z**2 - 15*z - 6. Suppose 0 = 15*h - 95 - 10. Give l(h).
-13
Let x(l) = 30*l + 61. Let s(n) = 16*n + 190. Let i be s(-12). Determine x(i).
1
Let w(j) = -j**3 + 8*j**2 - 16*j + 22. Let z be (-10 - 368/(-40))*60/(-8). What is w(z)?
-2
Suppose 0 = -2*z - 12. Let u(j) be the second derivative of j**5/20 + j**4/3 - 2*j**3/3 + 7*j**2/2 + 125671*j. Give u(z).
-41
Let n(l) = l**2 - 8*l - 5. Let m = 36 + -27. Let v be n(m). Let y(x) = 5*x + x**2 + x**2 + 2 - 3*x**2. Calculate y(v).
6
Let l = 93 - 143. Let w = l - -53. Let q(u) = -u**2 + 4*u - 2. Determine q(w).
1
Let z be 6006/1144 - 1/(-8)*-2. Let m(k) = 4*k**2 - 3*k - 17. Determine m(z).
68
Let q(y) = -y**2 + 234*y + 2*y**2 - 10 - 134*y - 12 - 99*y. Calculate q(6).
20
Let j(c) = c**3 + 9*c**2 + 4*c + 21. Let b(z) = -2*z**3 + z**2 + 4*z - 5. Let i be b(2). Determine j(i).
-15
Let h(x) = 15*x + 52. Let a = 130 + -134. Let l be h(a). Let o(t) = -t**3 - 9*t**2 - 9*t + 8. Determine o(l).
16
Let k(b) = -b**3 - 6*b**2 - 5*b - 2. Let q = -12 - -201. Let c = 184 - q. What is k(c)?
-2
Let n(b) = -b**3 - 6*b**2 - 2*b. Let v be 10 - ((-6)/((-84)/238) + -4). What is n(v)?
-21
Let o = -266 - -273. Let m(w) = -21*w + 9*w + 0 + 2 + o*w + 3*w. Calculate m(-3).
8
Let q(s) be the second derivative of -s**5/20 - s**4/3 + 8*s**3/3 - 13*s**2/2 - 266*s + 5. Determine q(-7).
22
Let v be 30/(-45) - 32/6. Let a(d) = d**2 + 8*d + 2. Give a(v).
-10
Let g(c) = 2*c + 16 - 1 - 18*c - 137*c**2 - 119*c**2 + 259*c**2. Give g(6).
27
Let i(g) = g**3 + 5*g**2 - g + 30. Let o be 6 + -1 - 34*638/1972. Determine i(o).
0
Suppose -5*o - 63 = 247. Let j = o + 68. Let u(l) = l**3 - 5*l**2 - 8*l + 2. Give u(j).
-10
Let y(l) be the third derivative of -l**7/420 - l**6/720 + 3*l**5/10 + l**3/6 - 218*l**2. Let f(i) be the third derivative of y(i). Determine f(1).
-13
Let u(w) = -6*w - 2. Let h(g) be the first derivative of -11*g**2/2 - 60*g + 68. Let n be h(-5). Give u(n).
28
Let g(w) = 8*w - 18. Let u be (-6)/(-18)*(-600)/(-40). Calculate g(u).
22
